culate the highest common factor of 33 and n.
3
Let c be 1/((1/(-2))/(-5 - -4)). Calculate the highest common divisor of c and 2.
2
Let i be (16/6)/((-2)/(-15)). Let m be (-5)/(-1 - 2/(-4)). Calculate the highest common divisor of m and i.
10
Suppose 0*f - 5*o + 68 = 3*f, 80 = 4*f - 4*o. Let m = 39 - f. Calculate the greatest common divisor of 6 and m.
6
Let y(x) = -x**2 + x + 13. Let f = 7 + -7. Let l be y(f). What is the highest common divisor of l and 13?
13
Let d be 4/(-8)*(0 - -12). Let k = d - -12. What is the greatest common divisor of k and 15?
3
Let p(a) = a**3 - 8*a**2 - 5*a - 10. Let o be p(9). What is the highest common factor of o and 260?
26
Suppose -3*p + 240 = -408. What is the highest common divisor of p and 24?
24
Let y = 9 + -4. Suppose 0*p - y*p + 4*w = -245, -3*p = -5*w - 160. What is the greatest common divisor of p and 18?
9
Let v be (-1206)/(-15) + 12/20. Calculate the highest common divisor of v and 9.
9
Let z be 1 + (56 - -1) + 2. Let j = 34 - 22. Calculate the greatest common divisor of j and z.
12
Let b = -24 - -48. Let g(p) = 37*p - 1. Let k be g(1). What is the highest common divisor of b and k?
12
Let t = 24 - 8. Let y(n) be the second derivative of n**4/4 - 2*n**3/3 + n**2/2 - n. Let o be y(3). What is the greatest common factor of o and t?
16
Suppose 0 = 2*b, 532 = 4*x + 4*b + 112. Calculate the greatest common divisor of x and 42.
21
Let z(s) = -s - 1. Let x be z(-5). Let k(m) = m**3 + 8*m**2 + 6*m - 7. Let u be k(-7). Suppose -x + u = -b. Calculate the highest common divisor of 1 and b.
1
Suppose -4*b = -3*h - b, -4 = 3*h - 4*b. Suppose -12 = -h*l - s + 411, s = 5*l - 522. Calculate the greatest common divisor of l and 15.
15
Let t(f) = f**2 + 11. Let d be t(0). What is the greatest common factor of d and 99?
11
Let w = 16 - 9. What is the greatest common divisor of w and 35?
7
Suppose 3*g - 4 = -1. Suppose -b - g = -2*b, -421 = -4*o - 5*b. Suppose 0 = -0*d - 4*d + o. Calculate the highest common factor of 39 and d.
13
Suppose -2*c - 3*c + d = -37, 0 = -3*c + d + 21. Let x be 88/(-12)*(-3)/2. Let u = 15 - x. What is the greatest common factor of u and c?
4
Suppose 2*t = -2*t + 208. Suppose -3*r + 656 = 5*n, -n + 4*r = -0*n - 122. Calculate the greatest common divisor of t and n.
26
Suppose -2*u + 168 = 3*k, -9*u + 5*k + 470 = -4*u. What is the highest common divisor of 30 and u?
30
Suppose 0 = -3*d + 4*t + 24, 0 = -3*d - 0*t - 4*t. Let o(u) = -2*u + 6. Let h be o(-11). Calculate the highest common factor of d and h.
4
Let u be 702/7 + 32/(-112). Let f(r) = -r**2 + 13*r - 2. Let x be f(12). Calculate the greatest common divisor of u and x.
10
Suppose -3*k + 5*f = -101 - 39, -5*f = 2*k - 60. What is the highest common factor of 10 and k?
10
Let a(k) = 12*k + 2. Let m be a(4). Let q be 20*(5 - 45/10). Calculate the highest common factor of m and q.
10
Let g be (-2)/11 - 9920/(-110). What is the highest common divisor of 36 and g?
18
Let g be 2/14 + 2152/28. What is the greatest common factor of 7 and g?
7
Let i(g) = g**2 - 5*g. Let y be i(5). Let d be (4*(y - 1))/(-2). Suppose -2*m = q - 23, -m - 4*q = d*m - 47. What is the highest common factor of 99 and m?
9
Suppose -m - 3*q = -39, 2*q + 149 = 3*m + 3*q. Let z = -37 + 54. What is the greatest common factor of z and m?
17
Suppose 5*t = -5*u + 19 + 16, -12 = 4*u. Calculate the highest common divisor of 50 and t.
10
Suppose z = -3*z. Suppose -460 = -5*m - 5*k, 0*k - 2*k = z. Suppose -m = -3*a + 34. What is the highest common factor of a and 6?
6
Let w(m) = -24*m. Let i be w(-2). What is the highest common divisor of 16 and i?
16
Suppose -c + 0*f = 2*f - 76, 0 = 2*f - 6. What is the greatest common divisor of c and 21?
7
Suppose 10*t - 5*t = 120. Calculate the highest common divisor of t and 3.
3
Let x(i) = -3*i + 3. Let a be 10*((-2)/5 - 0). Let t be x(a). Calculate the greatest common divisor of 5 and t.
5
Suppose -5*d = -557 - 363. Calculate the highest common divisor of 46 and d.
46
Let k be (-4)/(-10) + (-392)/(-20). Let n be 92/k + (-4)/(-10). Let v(z) = z**2 + 2*z + 1. Let j be v(n). Calculate the greatest common factor of 90 and j.
18
Let o be 3/2 + 105/2. Let g(j) = 4*j**2 + j. Let a be g(2). What is the greatest common factor of o and a?
18
Suppose -5*g + 78 = -4*g. What is the greatest common factor of g and 12?
6
Let c = 93 + -25. Let u be c - (2 - 1)*-2. What is the greatest common divisor of 28 and u?
14
Suppose u + 2*c + 1 + 7 = 0, -2*u = -5*c - 11. Suppose -2*z + 7 = -r, -3*z + 7 + 8 = 3*r. Let h = z + u. Calculate the greatest common divisor of 3 and h.
1
Suppose -2*x - 18 = -3*x + 4*b, 5*x - 36 = 2*b. Let c = -121 - -295. Suppose -4*w = -42 - c. Calculate the greatest common factor of w and x.
6
Let x be (-2)/(12/9)*6. Let y be x/2*(1 + 3). Let v be 2/(-2)*y/2. What is the highest common factor of 36 and v?
9
Suppose 5*l - 355 = 5*g, 5*g - 221 = -l - 2*l. Calculate the greatest common factor of 8 and l.
8
Let k = -1 - -1. Let q = 3 - k. Suppose -104 = -4*g + 28. What is the greatest common divisor of q and g?
3
Suppose 5*d - 36 = -2*y, y - 3*d + 71 = 6*y. Let x = -9 + y. Let i = 20 - 18. Calculate the highest common factor of i and x.
2
Let i = 66 + -60. Calculate the greatest common divisor of 48 and i.
6
Suppose 19 = 5*z - 26. What is the highest common divisor of z and 6?
3
Let h(s) = -s**3 + s + 56. Let f be h(0). Calculate the greatest common factor of 8 and f.
8
Let c(u) = u**3 + 8*u**2 - 6*u + 1. Let z be c(-8). Let v = z + -31. What is the highest common divisor of v and 12?
6
Suppose -4 = -0*q - q. Suppose -b + q*b = 6. Calculate the greatest common factor of 22 and b.
2
Suppose n - 8 + 1 = 0. Let r be n/(21/18) - 2. Let d be (1 - (-2)/r)*4. Calculate the highest common factor of d and 30.
6
Let w be (-3)/((-4)/(-8) + -2). Let k be 3/((-12)/(-170))*w. What is the highest common divisor of k and 17?
17
Let j = -82 - -92. What is the highest common divisor of 4 and j?
2
Suppose 3*q = 3*y - 420, q + 2*q + 2*y + 435 = 0. Let s = -87 - q. Let t = -31 - -45. Calculate the highest common factor of t and s.
14
Let n(y) = -y**3 - y**2 + 1. Let g be n(1). Let q = 21 - g. What is the greatest common divisor of q and 11?
11
Let t = -26 - -13. Suppose 187 = 4*s + 79. Let g = t + s. Calculate the greatest common divisor of 112 and g.
14
Let l be (-4)/((9/(-12))/3). Suppose 0*i - 4*n - l = -4*i, 2*i - n - 8 = 0. What is the highest common factor of i and 2?
2
Suppose -2*g - 1 = 5*c - 4*c, -2*g = 4*c + 4. Suppose -4*t - a + 101 = 0, t - a = -g*a + 19. Let x = t + -16. Calculate the greatest common divisor of 32 and x.
8
Let f(k) = -k + 12. Let t be f(5). Let n be (-740)/(-12) - (-2)/(-3). Let q = n + -12. Calculate the greatest common divisor of q and t.
7
Let g = -3 + 4. Let p be (1 + 4)*(-8)/(-20). Suppose -d + 4*k = 0, -k - 5 = -d - p*k. Calculate the highest common divisor of g and d.
1
Let f(p) = p**2 - 3*p + 5. Let l be f(5). Suppose 4*a - l = -a. What is the greatest common divisor of a and 6?
3
Let j(x) = -x**2 + 16*x + 4. Let m be j(16). Calculate the greatest common divisor of 4 and m.
4
Let j = 53 - 8. Let a be 2/9 + 3230/j. Calculate the greatest common divisor of a and 9.
9
Suppose -t - 54 = -4*t. Let k = -12 + 6. Let p = k + 12. Calculate the highest common factor of p and t.
6
Suppose 0 = -5*x + 4*x + 4. Let j(g) = -g + 46. Let f be j(0). Suppose -5*m + f = -174. What is the greatest common factor of m and x?
4
Suppose 2*d - 3 = -x + 2, 0 = 3*x + 3. Suppose 5*f = d*f + 100. Calculate the greatest common divisor of f and 10.
10
Let q = -17 + 17. Suppose q = -5*p + 208 + 92. Calculate the greatest common factor of p and 12.
12
Let x = 49 + -21. Calculate the highest common divisor of 4 and x.
4
Suppose 3 = n + 5*c - 19, 2*n - 49 = -5*c. Calculate the highest common factor of n and 9.
9
Let l = 193 - 130. Calculate the highest common factor of 45 and l.
9
Let g = 0 - 0. Suppose 3 + 5 = 2*z. Let p = z + g. Calculate the greatest common factor of p and 20.
4
Let p(o) = o**2 + 8*o - 3. Let x be p(-14). Suppose 7*u - 2*g - 26 = 3*u, 0 = 3*u + 4*g - 47. Calculate the greatest common divisor of u and x.
9
Let n(x) = -2*x**2 - 24*x - 14. Let t be n(-10). Calculate the highest common divisor of t and 39.
13
Let h = 16 + 6. Let q = -10 + h. Calc